{"id":52,"date":"2014-12-13T16:28:49","date_gmt":"2014-12-13T15:28:49","guid":{"rendered":"http:\/\/web906.login-17.loginserver.ch\/wordpress\/?page_id=52"},"modified":"2015-06-20T14:55:38","modified_gmt":"2015-06-20T12:55:38","slug":"startseite","status":"publish","type":"page","link":"https:\/\/www.gempeler-sigriswil.ch\/","title":{"rendered":"Startseite"},"content":{"rendered":"<p>Ob moderne oder klassische <a title=\"Polsteratelier\" href=\"\/?page_id=21\">Polsterarbeiten<\/a>, <a title=\"Bodenbel\u00e4ge\" href=\"\/?page_id=41\">Bodenbel\u00e4ge<\/a> von <a title=\"Teppich\" href=\"\/?page_id=47\">Teppich<\/a> bis <a title=\"Parkett\" href=\"\/?page_id=45\">Parkett<\/a>, <a title=\"Vorh\u00e4nge\" href=\"\/?page_id=39\">Vorh\u00e4nge<\/a> sowie Beschattungen f\u00fcr <a title=\"Vorh\u00e4nge\" href=\"\/?page_id=39\">Innen<\/a> und <a title=\"Sonnenstoren\" href=\"\/?page_id=23\">Aussen<\/a>: wir fertigen alles nach Ihren W\u00fcnschen auf Mass an.<\/p>\n<blockquote><p><span style=\"color: #3e64c4;\">Gerne beraten wir Sie kostenlos und unverbindlich in unserem Gesch\u00e4ft oder bei Ihnen zu Hause.<\/span><\/p><\/blockquote>\n<p>&nbsp;<\/p>\n<p><img loading=\"lazy\" decoding=\"async\" class=\"alignleft wp-image-247 size-medium\" src=\"https:\/\/www.gempeler-sigriswil.ch\/wp-content\/uploads\/2015\/06\/Logo_alles-i.o.-farbig_500x290_durchsichtig-300x174.png\" alt=\"Logo_2015_farbig_500x290_durchsichtig\" width=\"300\" height=\"174\" data-id=\"247\" srcset=\"https:\/\/www.gempeler-sigriswil.ch\/wp-content\/uploads\/2015\/06\/Logo_alles-i.o.-farbig_500x290_durchsichtig-300x174.png 300w, https:\/\/www.gempeler-sigriswil.ch\/wp-content\/uploads\/2015\/06\/Logo_alles-i.o.-farbig_500x290_durchsichtig.png 500w\" sizes=\"auto, (max-width: 300px) 100vw, 300px\" \/><\/p>\n","protected":false},"excerpt":{"rendered":"<p>Ob moderne oder klassische Polsterarbeiten, Bodenbel\u00e4ge von Teppich bis Parkett, Vorh\u00e4nge sowie Beschattungen f\u00fcr Innen und Aussen: wir fertigen alles nach Ihren W\u00fcnschen auf Mass an. Gerne beraten wir Sie kostenlos und unverbindlich in unserem Gesch\u00e4ft oder bei Ihnen zu&#8230;<br \/><a class=\"read-more-button\" href=\"https:\/\/www.gempeler-sigriswil.ch\/\">Mehr Lesen<\/a><\/p>\n","protected":false},"author":1,"featured_media":0,"parent":0,"menu_order":0,"comment_status":"closed","ping_status":"closed","template":"","meta":{"footnotes":""},"class_list":["post-52","page","type-page","status-publish","hentry"],"_links":{"self":[{"href":"https:\/\/www.gempeler-sigriswil.ch\/index.php?rest_route=\/wp\/v2\/pages\/52","targetHints":{"allow":["GET"]}}],"collection":[{"href":"https:\/\/www.gempeler-sigriswil.ch\/index.php?rest_route=\/wp\/v2\/pages"}],"about":[{"href":"https:\/\/www.gempeler-sigriswil.ch\/index.php?rest_route=\/wp\/v2\/types\/page"}],"author":[{"embeddable":true,"href":"https:\/\/www.gempeler-sigriswil.ch\/index.php?rest_route=\/wp\/v2\/users\/1"}],"replies":[{"embeddable":true,"href":"https:\/\/www.gempeler-sigriswil.ch\/index.php?rest_route=%2Fwp%2Fv2%2Fcomments&post=52"}],"version-history":[{"count":7,"href":"https:\/\/www.gempeler-sigriswil.ch\/index.php?rest_route=\/wp\/v2\/pages\/52\/revisions"}],"predecessor-version":[{"id":248,"href":"https:\/\/www.gempeler-sigriswil.ch\/index.php?rest_route=\/wp\/v2\/pages\/52\/revisions\/248"}],"wp:attachment":[{"href":"https:\/\/www.gempeler-sigriswil.ch\/index.php?rest_route=%2Fwp%2Fv2%2Fmedia&parent=52"}],"curies":[{"name":"wp","href":"https:\/\/api.w.org\/{rel}","templated":true}]}}