{"id":47,"date":"2014-12-13T17:16:58","date_gmt":"2014-12-13T15:16:58","guid":{"rendered":"http:\/\/web906.login-17.loginserver.ch\/wordpress\/?page_id=47"},"modified":"2019-12-26T14:51:42","modified_gmt":"2019-12-26T13:51:42","slug":"teppich","status":"publish","type":"page","link":"https:\/\/www.gempeler-sigriswil.ch\/?page_id=47","title":{"rendered":"Teppich"},"content":{"rendered":"<div class=\"panel-grid\" id=\"pg-47-0\" ><div class=\"panel-grid-cell\" id=\"pgc-47-0-0\" ><div class=\"panel widget widget_cyclone-slider-widget panel-first-child panel-last-child\" id=\"panel-47-0-0-0\"><div tabindex=\"0\" class=\"cycloneslider cycloneslider-template-standard cycloneslider-width-responsive\" id=\"cycloneslider-teppich-1\" style=\"max-width:1012px\" > <div class=\"cycloneslider-slides cycle-slideshow\" data-cycle-allow-wrap=\"true\" data-cycle-dynamic-height=\"off\" data-cycle-auto-height=\"1012:450\" data-cycle-auto-height-easing=\"null\" data-cycle-auto-height-speed=\"250\" data-cycle-delay=\"0\" data-cycle-easing=\"\" data-cycle-fx=\"fade\" data-cycle-hide-non-active=\"true\" data-cycle-log=\"false\" data-cycle-next=\"#cycloneslider-teppich-1 .cycloneslider-next\" data-cycle-pager=\"#cycloneslider-teppich-1 .cycloneslider-pager\" data-cycle-pause-on-hover=\"true\" data-cycle-prev=\"#cycloneslider-teppich-1 .cycloneslider-prev\" data-cycle-slides=\"&gt; div\" data-cycle-speed=\"1000\" data-cycle-swipe=\"1\" data-cycle-tile-count=\"7\" data-cycle-tile-delay=\"100\" data-cycle-tile-vertical=\"true\" data-cycle-timeout=\"4000\" > <div class=\"cycloneslider-slide cycloneslider-slide-image\" > <img decoding=\"async\" src=\"https:\/\/www.gempeler-sigriswil.ch\/wp-content\/uploads\/2020\/04\/2020-9-1012x450.jpg\" alt=\"\" title=\"\" \/> <\/div> <div class=\"cycloneslider-slide cycloneslider-slide-image\" > <img decoding=\"async\" src=\"https:\/\/www.gempeler-sigriswil.ch\/wp-content\/uploads\/2020\/04\/2020-7-1012x450.jpg\" alt=\"\" title=\"\" \/> <\/div> <div class=\"cycloneslider-slide cycloneslider-slide-image\" > <img decoding=\"async\" src=\"https:\/\/www.gempeler-sigriswil.ch\/wp-content\/uploads\/2018\/04\/Treppe_1000x438px-1012x450.jpg\" alt=\"\" title=\"\" \/> <\/div> <div class=\"cycloneslider-slide cycloneslider-slide-image\" > <img decoding=\"async\" src=\"https:\/\/www.gempeler-sigriswil.ch\/wp-content\/uploads\/2015\/06\/Teppich-6-1012x450.png\" alt=\"\" title=\"\" \/> <\/div> <div class=\"cycloneslider-slide cycloneslider-slide-image\" > <img decoding=\"async\" src=\"https:\/\/www.gempeler-sigriswil.ch\/wp-content\/uploads\/2020\/04\/2020-3-1012x450.jpg\" alt=\"\" title=\"\" \/> <\/div> <div class=\"cycloneslider-slide cycloneslider-slide-image\" > <img decoding=\"async\" src=\"https:\/\/www.gempeler-sigriswil.ch\/wp-content\/uploads\/2015\/06\/Teppich-5-1012x450.png\" alt=\"\" title=\"\" \/> <\/div> <div class=\"cycloneslider-slide cycloneslider-slide-image\" > <img decoding=\"async\" src=\"https:\/\/www.gempeler-sigriswil.ch\/wp-content\/uploads\/2015\/06\/Teppich-2-1012x450.png\" alt=\"\" title=\"\" \/> <\/div> <\/div> <div class=\"cycloneslider-pager\"><\/div> <a href=\"#\" class=\"cycloneslider-prev\"> <span class=\"arrow\"><\/span> <\/a> <a href=\"#\" class=\"cycloneslider-next\"> <span class=\"arrow\"><\/span> <\/a> <\/div><\/div><\/div><\/div><div class=\"panel-grid\" id=\"pg-47-1\" ><div class=\"panel-grid-cell\" id=\"pgc-47-1-0\" ><div class=\"panel widget widget_text panel-first-child panel-last-child\" id=\"panel-47-1-0-0\">\t\t\t<div class=\"textwidget\"><p>Teppichb\u00f6den erzeugen eine wohnlich angenehme Raumstimmung, sie sind behaglich, flauschig, warm und weich. Teppichb\u00f6den k\u00f6nnen vollfl\u00e4chig verklebt, gespannt oder lose verlegt werden, unsere Produkte reichen von weicher Schurwollen f\u00fcr Wohnr\u00e4ume bis hin zu robustem anspruchsvollem Kugelgarn f\u00fcr Treppen, B\u00fcro- und Gangzonen, sowie den gedeckten Aussenbereich.<\/p>\n\n<p>Vorteile von Teppichen:<\/p>\n<ul>\n\t<li><strong> Staubgehalt in der Raumluft bis zu 50% geringer<\/strong><\/li>\n\t<li><strong> Angenehme Raumakustik \u2013 vermindert den Halleffekt<\/strong><\/li>\n\t<li><strong> Energieeinsparung durch W\u00e4rmed\u00e4mmung<\/strong><\/li>\n\t<li><strong> Komfortables und angenehmes Laufgef\u00fchl<\/strong><\/li>\n<\/ul><\/div>\n\t\t<\/div><\/div><\/div>","protected":false},"excerpt":{"rendered":"<p>Teppichb\u00f6den erzeugen eine wohnlich angenehme Raumstimmung, sie sind behaglich, flauschig, warm und weich. Teppichb\u00f6den k\u00f6nnen vollfl\u00e4chig verklebt, gespannt oder lose verlegt werden, unsere Produkte reichen von weicher Schurwollen f\u00fcr Wohnr\u00e4ume bis hin zu robustem anspruchsvollem Kugelgarn f\u00fcr Treppen, B\u00fcro- und&#8230;<br \/><a class=\"read-more-button\" href=\"https:\/\/www.gempeler-sigriswil.ch\/?page_id=47\">Mehr Lesen<\/a><\/p>\n","protected":false},"author":1,"featured_media":0,"parent":41,"menu_order":0,"comment_status":"closed","ping_status":"open","template":"","meta":{"footnotes":""},"class_list":["post-47","page","type-page","status-publish","hentry"],"_links":{"self":[{"href":"https:\/\/www.gempeler-sigriswil.ch\/index.php?rest_route=\/wp\/v2\/pages\/47","targetHints":{"allow":["GET"]}}],"collection":[{"href":"https:\/\/www.gempeler-sigriswil.ch\/index.php?rest_route=\/wp\/v2\/pages"}],"about":[{"href":"https:\/\/www.gempeler-sigriswil.ch\/index.php?rest_route=\/wp\/v2\/types\/page"}],"author":[{"embeddable":true,"href":"https:\/\/www.gempeler-sigriswil.ch\/index.php?rest_route=\/wp\/v2\/users\/1"}],"replies":[{"embeddable":true,"href":"https:\/\/www.gempeler-sigriswil.ch\/index.php?rest_route=%2Fwp%2Fv2%2Fcomments&post=47"}],"version-history":[{"count":5,"href":"https:\/\/www.gempeler-sigriswil.ch\/index.php?rest_route=\/wp\/v2\/pages\/47\/revisions"}],"predecessor-version":[{"id":405,"href":"https:\/\/www.gempeler-sigriswil.ch\/index.php?rest_route=\/wp\/v2\/pages\/47\/revisions\/405"}],"up":[{"embeddable":true,"href":"https:\/\/www.gempeler-sigriswil.ch\/index.php?rest_route=\/wp\/v2\/pages\/41"}],"wp:attachment":[{"href":"https:\/\/www.gempeler-sigriswil.ch\/index.php?rest_route=%2Fwp%2Fv2%2Fmedia&parent=47"}],"curies":[{"name":"wp","href":"https:\/\/api.w.org\/{rel}","templated":true}]}}