{"id":27,"date":"2014-12-13T17:14:32","date_gmt":"2014-12-13T15:14:32","guid":{"rendered":"http:\/\/web906.login-17.loginserver.ch\/wordpress\/?page_id=27"},"modified":"2019-12-26T14:55:05","modified_gmt":"2019-12-26T13:55:05","slug":"lamellenstoren","status":"publish","type":"page","link":"https:\/\/www.gempeler-sigriswil.ch\/?page_id=27","title":{"rendered":"Lamellenstoren"},"content":{"rendered":"<div class=\"panel-grid\" id=\"pg-27-0\" ><div class=\"panel-grid-cell\" id=\"pgc-27-0-0\" ><div class=\"panel widget widget_cyclone-slider-widget panel-first-child panel-last-child\" id=\"panel-27-0-0-0\"><div tabindex=\"0\" class=\"cycloneslider cycloneslider-template-standard cycloneslider-width-responsive\" id=\"cycloneslider-lamellenstoren-1\" style=\"max-width:1012px\" > <div class=\"cycloneslider-slides cycle-slideshow\" data-cycle-allow-wrap=\"true\" data-cycle-dynamic-height=\"off\" data-cycle-auto-height=\"1012:450\" data-cycle-auto-height-easing=\"null\" data-cycle-auto-height-speed=\"250\" data-cycle-delay=\"0\" data-cycle-easing=\"\" data-cycle-fx=\"fade\" data-cycle-hide-non-active=\"true\" data-cycle-log=\"false\" data-cycle-next=\"#cycloneslider-lamellenstoren-1 .cycloneslider-next\" data-cycle-pager=\"#cycloneslider-lamellenstoren-1 .cycloneslider-pager\" data-cycle-pause-on-hover=\"true\" data-cycle-prev=\"#cycloneslider-lamellenstoren-1 .cycloneslider-prev\" data-cycle-slides=\"&gt; div\" data-cycle-speed=\"1000\" data-cycle-swipe=\"1\" data-cycle-tile-count=\"7\" data-cycle-tile-delay=\"100\" data-cycle-tile-vertical=\"true\" data-cycle-timeout=\"4000\" > <div class=\"cycloneslider-slide cycloneslider-slide-image\" > <img decoding=\"async\" src=\"https:\/\/www.gempeler-sigriswil.ch\/wp-content\/uploads\/2015\/06\/Lamellenstore-1-1012x450.png\" alt=\"\" title=\"\" \/> <\/div> <\/div> <div class=\"cycloneslider-pager\"><\/div> <a href=\"#\" class=\"cycloneslider-prev\"> <span class=\"arrow\"><\/span> <\/a> <a href=\"#\" class=\"cycloneslider-next\"> <span class=\"arrow\"><\/span> <\/a> <\/div><\/div><\/div><\/div><div class=\"panel-grid\" id=\"pg-27-1\" ><div class=\"panel-grid-cell\" id=\"pgc-27-1-0\" ><div class=\"panel widget widget_text panel-first-child panel-last-child\" id=\"panel-27-1-0-0\">\t\t\t<div class=\"textwidget\"><p>Lamellenstoren verhindern im Sommer eine \u00dcberhitzung der Innenr\u00e4ume und im Winter sperren sie einen Teil der K\u00e4lte aus. Die individuell reglierlbare Abdunklung der R\u00e4ume deckt jedes Bed\u00fcrfnis. Ob die Storen per Hand- oder Motorantrieb angesteuert werden, h\u00e4ngt von Ihren W\u00fcnschen ab.<\/p>\n\n<p>Die Vorteile der Lamellenstoren:<\/p>\n<ul>\n\t<li><strong>Sonnen- Licht- und Sichtschutz<\/strong><\/li>\n\t<li><strong>Abdunklung<\/strong><\/li>\n\t<li><strong>Bedienung manuell mit Kurbel oder Automatisch<\/strong><\/li>\n\t<li><strong>geeignet f\u00fcr Neu- und Umbauten<\/strong><\/li>\n<\/ul><\/div>\n\t\t<\/div><\/div><\/div>","protected":false},"excerpt":{"rendered":"<p>Lamellenstoren verhindern im Sommer eine \u00dcberhitzung der Innenr\u00e4ume und im Winter sperren sie einen Teil der K\u00e4lte aus. Die individuell reglierlbare Abdunklung der R\u00e4ume deckt jedes Bed\u00fcrfnis. Ob die Storen per Hand- oder Motorantrieb angesteuert werden, h\u00e4ngt von Ihren W\u00fcnschen&#8230;<br \/><a class=\"read-more-button\" href=\"https:\/\/www.gempeler-sigriswil.ch\/?page_id=27\">Mehr Lesen<\/a><\/p>\n","protected":false},"author":1,"featured_media":0,"parent":23,"menu_order":0,"comment_status":"closed","ping_status":"open","template":"","meta":{"footnotes":""},"class_list":["post-27","page","type-page","status-publish","hentry"],"_links":{"self":[{"href":"https:\/\/www.gempeler-sigriswil.ch\/index.php?rest_route=\/wp\/v2\/pages\/27","targetHints":{"allow":["GET"]}}],"collection":[{"href":"https:\/\/www.gempeler-sigriswil.ch\/index.php?rest_route=\/wp\/v2\/pages"}],"about":[{"href":"https:\/\/www.gempeler-sigriswil.ch\/index.php?rest_route=\/wp\/v2\/types\/page"}],"author":[{"embeddable":true,"href":"https:\/\/www.gempeler-sigriswil.ch\/index.php?rest_route=\/wp\/v2\/users\/1"}],"replies":[{"embeddable":true,"href":"https:\/\/www.gempeler-sigriswil.ch\/index.php?rest_route=%2Fwp%2Fv2%2Fcomments&post=27"}],"version-history":[{"count":6,"href":"https:\/\/www.gempeler-sigriswil.ch\/index.php?rest_route=\/wp\/v2\/pages\/27\/revisions"}],"predecessor-version":[{"id":415,"href":"https:\/\/www.gempeler-sigriswil.ch\/index.php?rest_route=\/wp\/v2\/pages\/27\/revisions\/415"}],"up":[{"embeddable":true,"href":"https:\/\/www.gempeler-sigriswil.ch\/index.php?rest_route=\/wp\/v2\/pages\/23"}],"wp:attachment":[{"href":"https:\/\/www.gempeler-sigriswil.ch\/index.php?rest_route=%2Fwp%2Fv2%2Fmedia&parent=27"}],"curies":[{"name":"wp","href":"https:\/\/api.w.org\/{rel}","templated":true}]}}